{"id":164,"date":"2015-05-25T13:19:14","date_gmt":"2015-05-25T18:19:14","guid":{"rendered":"http:\/\/shglb.iftsn.com\/?page_id=164"},"modified":"2015-07-19T08:20:02","modified_gmt":"2015-07-19T13:20:02","slug":"les-moulins","status":"publish","type":"page","link":"https:\/\/shglb.com\/index.php\/les-moulins\/","title":{"rendered":"Les moulins"},"content":{"rendered":"<p style=\"text-align: center;\"><strong>Les Moulins<\/strong><br \/>\n<em>Avec Jocelyne Lafond<\/em><\/p>\n<p><img loading=\"lazy\" decoding=\"async\" class=\"alignleft wp-image-568 size-full\" src=\"https:\/\/shglb.com\/wp-content\/uploads\/JLMWinCE.jpg\" alt=\"JLM(WinCE)\" width=\"240\" height=\"180\" \/>Les moulins ont \u00e9t\u00e9 des \u00e9l\u00e9ments tr\u00e8s importants dans l&#8217;enracinement des populations rurales en Nouvelle-France. Sans moulin, il \u00e9tait impossible de moudre le grain pour en faire de la farine; certains moulins permettaient de d\u00e9biter les troncs d&#8217;arbre, et d&#8217;en faire des poutres, solives, planches, bardeaux; carder la laine des moutons se faisait plus rapidement avec l&#8217;aide d&#8217;un moulin qu&#8217;\u00e0 la main.<\/p>\n<p>Nous avons relev\u00e9 \u00e0 date, la pr\u00e9sence d&#8217;au moins vingt moulins sur le territoire de la<br \/>\n<img loading=\"lazy\" decoding=\"async\" class=\"alignright wp-image-578 size-full\" src=\"https:\/\/shglb.com\/wp-content\/uploads\/moulin-\u00e0-eau.jpg\" alt=\"moulin \u00e0 eau\" width=\"192\" height=\"154\" \/>seigneurie, le plus souvent sur les rives de la rivi\u00e8re aux Orignaux et de ses affluents, mais aussi sur la rivi\u00e8re du Ch\u00eane, et de certains ruisseaux; tous \u00e9taient tributaires de la force hydraulique pour leur fonctionnement, et nous ne connaissons pas ici la pr\u00e9sence de moulin \u00e0 vent.<\/p>\n<p>En remontant le cours de la rivi\u00e8re aux Orignaux, \u00e0 partir de son embouchure dans le fleuve St-Laurent, on rel\u00e8ve la pr\u00e9sence d&#8217;un premier moulin, situ\u00e9 sur le lot 178, \u00e0 l&#8217;intersection de la rivi\u00e8re et du chemin du deuxi\u00e8me rang, aujourd&#8217;hui le rang St-Charles; un peu plus en amont, enclav\u00e9 dans les terres, un second moulin occupe le lot 190; au niveau de 3 \u00e8me rang, sur le lot 343, on retrouve des ruines d&#8217;un troisi\u00e8me moulin, et de la maison de ferme attenante. Il est \u00e0 noter que la description de ces moulins ne suit pas d&#8217;ordre chronologique, mais est dict\u00e9 par les d\u00e9couvertes du moment.<\/p>\n<p>Nous pr\u00e9parons actuellement un dossier sur le tout premier moulin (banal), \u00e9rig\u00e9 tout pr\u00e8s de Deschaillons, sur le lot 1.<\/p>\n<p>&nbsp;<\/p>\n<ul class=\"display-posts-listing\"><li class=\"listing-item\"><a class=\"title\" href=\"https:\/\/shglb.com\/index.php\/2015\/05\/25\/le-moulin-du-lot-178\/\">Le moulin du lot 178<\/a><\/li><li class=\"listing-item\"><a class=\"title\" href=\"https:\/\/shglb.com\/index.php\/2015\/05\/25\/le-moulin-du-lot-190\/\">Le moulin du lot 190<\/a><\/li><li class=\"listing-item\"><a class=\"title\" href=\"https:\/\/shglb.com\/index.php\/2015\/05\/25\/le-moulin-du-lot-343\/\">Le moulin du lot 343<\/a><\/li><li class=\"listing-item\"><a class=\"title\" href=\"https:\/\/shglb.com\/index.php\/2017\/04\/09\/le-moulin-qui-devint-aqueduc\/\">Le moulin qui devint aqueduc<\/a><\/li><\/ul>\n<p>&nbsp;<\/p>\n<p>&nbsp;<\/p>\n","protected":false},"excerpt":{"rendered":"<p>Les Moulins Avec Jocelyne Lafond Les moulins ont \u00e9t\u00e9 des \u00e9l\u00e9ments tr\u00e8s importants dans l&#8217;enracinement des populations rurales en Nouvelle-France. Sans moulin, il \u00e9tait impossible de moudre le grain pour en faire de la farine; certains moulins permettaient de d\u00e9biter les troncs d&#8217;arbre, et d&#8217;en faire des poutres, solives, planches, bardeaux; carder la laine des [&hellip;]<\/p>\n","protected":false},"author":4,"featured_media":0,"parent":0,"menu_order":0,"comment_status":"closed","ping_status":"closed","template":"","meta":{"footnotes":""},"class_list":["post-164","page","type-page","status-publish","hentry"],"_links":{"self":[{"href":"https:\/\/shglb.com\/index.php\/wp-json\/wp\/v2\/pages\/164","targetHints":{"allow":["GET"]}}],"collection":[{"href":"https:\/\/shglb.com\/index.php\/wp-json\/wp\/v2\/pages"}],"about":[{"href":"https:\/\/shglb.com\/index.php\/wp-json\/wp\/v2\/types\/page"}],"author":[{"embeddable":true,"href":"https:\/\/shglb.com\/index.php\/wp-json\/wp\/v2\/users\/4"}],"replies":[{"embeddable":true,"href":"https:\/\/shglb.com\/index.php\/wp-json\/wp\/v2\/comments?post=164"}],"version-history":[{"count":4,"href":"https:\/\/shglb.com\/index.php\/wp-json\/wp\/v2\/pages\/164\/revisions"}],"predecessor-version":[{"id":646,"href":"https:\/\/shglb.com\/index.php\/wp-json\/wp\/v2\/pages\/164\/revisions\/646"}],"wp:attachment":[{"href":"https:\/\/shglb.com\/index.php\/wp-json\/wp\/v2\/media?parent=164"}],"curies":[{"name":"wp","href":"https:\/\/api.w.org\/{rel}","templated":true}]}}