{"id":111,"date":"2015-05-25T03:41:41","date_gmt":"2015-05-25T08:41:41","guid":{"rendered":"http:\/\/shglb.iftsn.com\/?page_id=111"},"modified":"2015-07-19T08:18:58","modified_gmt":"2015-07-19T13:18:58","slug":"la-seigneurie","status":"publish","type":"page","link":"https:\/\/shglb.com\/index.php\/la-seigneurie\/","title":{"rendered":"La Seigneurie"},"content":{"rendered":"<p>Dans ce chapitre, nous pr\u00e9sentons les grandes lignes de <a href=\"https:\/\/shglb.com\/index.php\/2015\/05\/25\/esquisse-historique-de-la-seigneurie-levrard-becquet\/\">l&#8217;histoire de la Seigneurie,<\/a><\/p>\n<p>ainsi que des articles sur la vie du seigneur, <a href=\"https:\/\/shglb.com\/index.php\/2015\/05\/25\/pas-facile-detre-seigneur\/\">ses difficult\u00e9s<\/a>, ses accomplissements.<\/p>\n<p>Le &#8220;<a href=\"https:\/\/shglb.com\/index.php\/2015\/05\/25\/le-site-du-manoir\/\">Site du Manoir<\/a>&#8221; d\u00e9crit ses diff\u00e9rents propri\u00e9taires depuis la concession initiale.<\/p>\n<p>Le &#8220;<a href=\"https:\/\/shglb.com\/index.php\/2015\/05\/25\/domaine-de-laperade\/\">domaine de Lap\u00e9rade<\/a>&#8221; \u00e9voque le projet de d\u00e9veloppement domiciliaire dans le village de Saint-Pierre, en 1844.<\/p>\n<p>&nbsp;<\/p>\n<ul class=\"display-posts-listing\"><li class=\"listing-item\"><a class=\"title\" href=\"https:\/\/shglb.com\/index.php\/2019\/03\/25\/1672-ou-1679\/\">1672 ou 1679?<\/a><\/li><li class=\"listing-item\"><a class=\"title\" href=\"https:\/\/shglb.com\/index.php\/2024\/02\/03\/notre-region-larrivee-des-premiers-europeens-1534-c-1600\/\">Chapitre 2: Notre r\u00e9gion: l&#8217;arriv\u00e9e des premiers europ\u00e9ens (1534-c.1600)<\/a><\/li><li class=\"listing-item\"><a class=\"title\" href=\"https:\/\/shglb.com\/index.php\/2024\/01\/28\/dhier-a-aujourdhui\/\">D&#8217;hier \u00e0 aujourd&#8217;hui<\/a><\/li><li class=\"listing-item\"><a class=\"title\" href=\"https:\/\/shglb.com\/index.php\/2015\/05\/25\/domaine-de-laperade\/\">Domaine de Lap\u00e9rade<\/a><\/li><li class=\"listing-item\"><a class=\"title\" href=\"https:\/\/shglb.com\/index.php\/2015\/05\/25\/esquisse-historique-de-la-seigneurie-levrard-becquet\/\">Esquisse Historique de la seigneurie L\u00e9vrard-Becquet<\/a><\/li><li class=\"listing-item\"><a class=\"title\" href=\"https:\/\/shglb.com\/index.php\/2015\/05\/25\/le-site-du-manoir\/\">Le site du manoir<\/a><\/li><li class=\"listing-item\"><a class=\"title\" href=\"https:\/\/shglb.com\/index.php\/2015\/12\/21\/les-miliciens-de-1812-a-st-pierre-les-becquets\/\">Les miliciens de 1812 \u00e0 St-Pierre-les-Becquets<\/a><\/li><li class=\"listing-item\"><a class=\"title\" href=\"https:\/\/shglb.com\/index.php\/2015\/05\/25\/pas-facile-detre-seigneur\/\">Pas facile d\u2019\u00eatre seigneur\u2026<\/a><\/li><\/ul>\n","protected":false},"excerpt":{"rendered":"<p>Dans ce chapitre, nous pr\u00e9sentons les grandes lignes de l&#8217;histoire de la Seigneurie, ainsi que des articles sur la vie du seigneur, ses difficult\u00e9s, ses accomplissements. Le &#8220;Site du Manoir&#8221; d\u00e9crit ses diff\u00e9rents propri\u00e9taires depuis la concession initiale. Le &#8220;domaine de Lap\u00e9rade&#8221; \u00e9voque le projet de d\u00e9veloppement domiciliaire dans le village de Saint-Pierre, en 1844. [&hellip;]<\/p>\n","protected":false},"author":4,"featured_media":0,"parent":0,"menu_order":0,"comment_status":"closed","ping_status":"closed","template":"","meta":{"footnotes":""},"class_list":["post-111","page","type-page","status-publish","hentry"],"_links":{"self":[{"href":"https:\/\/shglb.com\/index.php\/wp-json\/wp\/v2\/pages\/111","targetHints":{"allow":["GET"]}}],"collection":[{"href":"https:\/\/shglb.com\/index.php\/wp-json\/wp\/v2\/pages"}],"about":[{"href":"https:\/\/shglb.com\/index.php\/wp-json\/wp\/v2\/types\/page"}],"author":[{"embeddable":true,"href":"https:\/\/shglb.com\/index.php\/wp-json\/wp\/v2\/users\/4"}],"replies":[{"embeddable":true,"href":"https:\/\/shglb.com\/index.php\/wp-json\/wp\/v2\/comments?post=111"}],"version-history":[{"count":11,"href":"https:\/\/shglb.com\/index.php\/wp-json\/wp\/v2\/pages\/111\/revisions"}],"predecessor-version":[{"id":644,"href":"https:\/\/shglb.com\/index.php\/wp-json\/wp\/v2\/pages\/111\/revisions\/644"}],"wp:attachment":[{"href":"https:\/\/shglb.com\/index.php\/wp-json\/wp\/v2\/media?parent=111"}],"curies":[{"name":"wp","href":"https:\/\/api.w.org\/{rel}","templated":true}]}}